{"id":14,"date":"2015-04-09T14:54:05","date_gmt":"2015-04-09T14:54:05","guid":{"rendered":"http:\/\/localhost\/fep\/?page_id=14"},"modified":"2024-06-20T10:51:29","modified_gmt":"2024-06-20T10:51:29","slug":"servicos","status":"publish","type":"page","link":"https:\/\/www.fepdesign.com\/?page_id=14","title":{"rendered":"O que fazemos"},"content":{"rendered":"<p>MARKETING<br \/>\nestrat\u00e9gias de marketing | conjuga\u00e7\u00e3o de v\u00e1rios suportes de comunica\u00e7\u00e3o passando pelos multim\u00e9dia e pelos suportes est\u00e1ticos<\/p>\n<p>DESIGN GR\u00c1FICO E DE COMUNICA\u00c7\u00c3O<br \/>\nidentidades e imagens corporativas | design editorial | flyers | cartazes | desdobr\u00e1veis | cria\u00e7\u00e3o de stands | brochuras | ilustra\u00e7\u00e3o<\/p>\n<p>WEBDESIGN<br \/>\nportais online | sites corporativos | sites pessoais | sites e-commerce<\/p>\n<p>PUBLICIDADE<br \/>\ncampanhas publicit\u00e1rias | desenho, concep\u00e7\u00e3o e produ\u00e7\u00e3o de v\u00e1rios suportes est\u00e1ticos (lonas, pvc, roll-ups, exstands, etc) e suportes multim\u00e9dia<\/p>\n<p>EVENTOS<br \/>\nprograma\u00e7\u00e3o e coordena\u00e7\u00e3o de eventos sociais, corporativos e privados<\/p>\n<p>CONSULTADORIA<br \/>\ncria\u00e7\u00e3o de estrat\u00e9gias de comunica\u00e7\u00e3o empresariais<\/p>\n<p>PRODU\u00c7\u00c3O AUDIOVISUAL<br \/>\npr\u00e9-produ\u00e7\u00e3o | produ\u00e7\u00e3o | p\u00f3s-produ\u00e7\u00e3o | videos institucionais |videos educativos| cobertura de eventos | live broadcast | webvideos | gest\u00e3o de conte\u00fados para canais internos |conte\u00fados multimedia | videoclips e anima\u00e7\u00e3o 2d 3d | fotografia.<\/p>\n<p>INTERACTIVIDADE<br \/>\nsolu\u00e7\u00f5es interactivas | produ\u00e7\u00e3o de conte\u00fados e objectos interactivos aplicados a v\u00e1rios contextos tais como publicidade museus, centros de ci\u00eancia e escolas etc<\/p>\n<p>REDES SOCIAIS<br \/>\nCria\u00e7\u00e3o e gest\u00e3o de conte\u00fados para redes sociais.<\/p>\n","protected":false},"excerpt":{"rendered":"<p>MARKETING estrat\u00e9gias de marketing | conjuga\u00e7\u00e3o de v\u00e1rios suportes de comunica\u00e7\u00e3o passando pelos multim\u00e9dia e pelos suportes est\u00e1ticos DESIGN GR\u00c1FICO E DE COMUNICA\u00c7\u00c3O identidades e imagens corporativas | design editorial | flyers | cartazes | desdobr\u00e1veis | cria\u00e7\u00e3o de stands | brochuras | ilustra\u00e7\u00e3o WEBDESIGN portais online | sites corporativos | sites pessoais | sites&#8230;<\/p>\n","protected":false},"author":1,"featured_media":0,"parent":0,"menu_order":3,"comment_status":"closed","ping_status":"closed","template":"template-full-width.php","meta":{"footnotes":""},"class_list":["post-14","page","type-page","status-publish","hentry"],"_links":{"self":[{"href":"https:\/\/www.fepdesign.com\/index.php?rest_route=\/wp\/v2\/pages\/14"}],"collection":[{"href":"https:\/\/www.fepdesign.com\/index.php?rest_route=\/wp\/v2\/pages"}],"about":[{"href":"https:\/\/www.fepdesign.com\/index.php?rest_route=\/wp\/v2\/types\/page"}],"author":[{"embeddable":true,"href":"https:\/\/www.fepdesign.com\/index.php?rest_route=\/wp\/v2\/users\/1"}],"replies":[{"embeddable":true,"href":"https:\/\/www.fepdesign.com\/index.php?rest_route=%2Fwp%2Fv2%2Fcomments&post=14"}],"version-history":[{"count":6,"href":"https:\/\/www.fepdesign.com\/index.php?rest_route=\/wp\/v2\/pages\/14\/revisions"}],"predecessor-version":[{"id":912,"href":"https:\/\/www.fepdesign.com\/index.php?rest_route=\/wp\/v2\/pages\/14\/revisions\/912"}],"wp:attachment":[{"href":"https:\/\/www.fepdesign.com\/index.php?rest_route=%2Fwp%2Fv2%2Fmedia&parent=14"}],"curies":[{"name":"wp","href":"https:\/\/api.w.org\/{rel}","templated":true}]}}